 -33.
-35
What is the value of -26 + 2 - (371 - 377) - (1 - (12 - 2))?
-9
What is 12 + (6 - 25 - (19 + -49))?
23
-44 - (-152 + (-33 - (29 - 23)))
147
Calculate 1 - -26 - ((24 - 35) + 13).
25
What is the value of (27 - 48 - -72) + -129?
-78
Calculate (2 + 2 - (5 + -1)) + 123 + (5 - 4).
124
What is (4 - -12) + -115 + 95 - (-13 + -5) - -102?
116
Evaluate 46 + -62 + 20 + -10.
-6
-3 + 21 + (70 - 124 - -34)
-2
88 - (0 + 17 - (374 - 395))
50
Evaluate (-1 - (-7 - (-5 + -3))) + (-455 - -577).
120
(42 - 24) + 4 + -49
-27
Calculate -36 + (69 - 35) + 69.
67
2 + (0 + -2 - (32 + 15 + (7 - 8)))
-46
7 - (47 - (7 - -17))
-16
Evaluate -58 + (-2 - 12 - (-19 - 8)) + -5.
-50
What is the value of -36 - -98 - (5 - (12 - -26))?
95
What is the value of (-16 - 1) + -26 + -90 + 86?
-47
Calculate 22 + (-30 - (-24 + 24)).
-8
Calculate -15 - (-5 - -4) - (-9 - -8 - (6 - -5)).
-2
What is (-7 - (9 - 23)) + (4 - (31 + 1))?
-21
-77 + (27 + 1 - (756 - 741))
-64
What is -150 + 114 + -41 + 171?
94
Calculate 2 + 2 + -11 - (11 - -8 - 18 - -4).
-12
What is 48 + (83 - 68) + -45?
18
131 + 54 + (-100 - 38)
47
Evaluate (112 + 237 - 77) + -131.
141
What is (-5 + 3 - -67 - 4) + 8 + -16 - 3?
50
What is 161 + -298 + 41 + 1 + 13?
-82
What is the value of 52 + 60 + -44 - 119?
-51
22 + (-37 - -23) + (-12 + 3 - -5 - -25)
29
Evaluate -60 - (7 - (14 + 20)) - -53.
20
What is -1 - (15 + (-7 - -60)) - -8 - -15?
-46
What is -6 - (-19 - -15 - (1 + -4 - 17 - -6))?
-16
Evaluate -49 + 0 + -2 + 3 + 12 - (0 + 2).
-38
Calculate 39 + -47 + -365 + 303.
-70
What is (-12 + 0 - 2) + 404 + -393 + 16?
13
16 + -6 + 21 + -18 + -21 + 51
43
-6 + (-40 - 6) + -2 + 8 + -14
-60
What is 30 + 11 + -13 + -11 + 10 + (-5 - -13)?
35
What is -30 + 32 + -16 + (10 - 13)?
-17
(-24 - 25) + 60 - -13
24
Evaluate 3 + -1 - (-10 + (44 - 29)).
-3
What is the value of -12 - 115 - (2 + 4 - (-119 + 140))?
-112
17 + (35 + -16 - -14)
50
What is the value of (184 - 298) + 0 + 19?
-95
(11 - (7 - -39 - (5 + 1))) + 9
-20
Calculate -22 + (-1 - -16 - -18) - -50.
61
Calculate 5 + (-15 + 8 - 3) - 36.
-41
-6 + (-1 - (-1 - 5) - (-843 - -837)) - -17
22
Calculate -7 - 3 - (-42 + (16 - 1) + -46).
63
What is 40 - (37 + -21 - -85)?
-61
(-142 - -70) + 111 - -36
75
Evaluate (-48 - (-1 + 9 + -3)) + (-2 - 2 - -1).
-56
Calculate 2 - (72 - 16) - -94.
40
Calculate -4 + (-1 - 59) + -7 - (18 - 23).
-66
What is the value of -21 - (20 - ((14 - -14) + 9))?
-4
Calculate 3 - ((-87 - (-8 + 20)) + (-3 - 1 - 0)).
106
Calculate -6 - (-7 + -6 + 49 + -16 + (1 - 4)).
-23
6 + -1 + (-6 - (5 - 0) - -16 - 39)
-29
52 + -168 + -2 + 3 - (21 + -31)
-105
Calculate (-103 - -58) + 28 - 1.
-18
What is (33 - ((4 - 4) + 4)) + -6?
23
What is the value of (1 + 6 + 102 + -95 - -23) + (1 - 14)?
24
Evaluate (-21 - (33 - -25)) + (-32 - -23).
-88
6 - 0 - ((-43 + 93 - 29) + -17)
2
(1 - -124) + (13874 - 13907)
92
What is (105 - 1) + (172 - -97) + -292?
81
Calculate 79 + 2 - (26 + -15 - 16 - (-3 - 2)).
81
Calculate -363 - -263 - (2 + -1 + -7) - -5.
-89
(14 - 20) + -6 + 22 - (0 + -10)
20
What is -31 - (-6 - 43) - (-20 + 3)?
35
Evaluate 23 + -1 - (892 - 940 - (-39 + 1)).
32
109 - -98 - (-73 + 156)
124
Calculate -65 + 129 + (101 - 189).
-24
What is the value of 15 + -28 + 21 + -9 + 11?
10
-1 + 0 + (-77 - (3 + -22) - -29 - 54)
-84
What is the value of (11867 - 11860) + (1 - (-22 + 0))?
30
What is (65 - 73) + (14 + -6 - -1)?
1
Calculate 59 - (-10 + 0 - (-23 + 71 + -39)).
78
What is the value of 167 + -30 + 74 + -76?
135
Calculate (-72 - ((11 - 15 - -8) + -14)) + -1 + 3.
-60
45 + -15 + -19 - (4 + -2 + -12)
21
Evaluate 206 - (45 - -55) - 64.
42
What is the value of (1 - 156) + (-656 - -740)?
-71
Evaluate (6 - 6 - -8) + -15 + 8 + -98 + 143.
46
18 + -1 + (-62 - -47) - -13
15
What is (-13 + 8 - -12) + (0 - 29) + 1?
-21
Calculate -1 + (-1 - -20) - (27 - 28) - (1323 + -1321).
17
Calculate -1 - -2 - -126 - (8638 + -8606).
95
Evaluate (-2 - -1) + (362 - 345).
16
What is (-5 - 85) + 32 - -30 - (0 - 19)?
-9
Calculate 784 + -678 - (5 + -4 - 7 - -9).
103
Calculate (88 - -1 - 88) + -107.
-106
Calculate (-112 - -144) + -80 - -3.
-45
What is the value of (17 - -47) + (-2 - 83)?
-21
Evaluate -11 + -28 + 26 - (-25 - (-3 + 3)).
12
(61 - -36) + -8 + -29
60
What is the value of -10 + (2 - -2) + -14 + 2 + (-237 - -243)?
-12
What is the value of -114 + -40 + 22 + 74?
-58
(-76 - (-8 + -21)) + (-9 - (-8 + -3))
-45
What is 0 + (-6 - 7) + (-56 + -1 - -17)?
-53
Evaluate (12 + -10 - -2 - (21 + -5)) + (9 - -1).
-2
23 - (36 + -21) - 13 - -40
35
29 + -31 + 0 - 22
-24
What is -33 - (-54 - (-9 + 9)) - -38?
59
What is the value of -1 - (55 + -104 + 110)?
-62
What is (409 - 425) + (9 - -1) - 15?
-21
Evaluate (7 - -65) + 306 + -337.
41
What is the value of 393 + -370 + (0 + 10 - -2)?
35
29 + (62 - 72) - (-93 + 1)
111
Evaluate (-2 - 3) + 16 - (41 - 33).
3
Evaluate (23 + -30 + 22 - (-32 + 39)) + (-113 - 0).
-105
Evaluate -42 + (63 - 134) + 82.
-31
Calculate (-2 - -153 - (142 - (-58 - -197))) + (-11 - 1).
136
32 + 8 - (6 - -41)
-7
Calculate 49 + (9 - (12 - -2 - (-18 + 15))).
41
Evaluate -491 - -520 - (49 - 3).
-17
What is -207 - (-283 - -138) - (-29 - 1)?
-32
-62 - (-61 + 67 - 14)
-54
What is 5 - (-45 + -53 + 77)?
26
What is -17 + (4 + -15 - (-537 + 437))?
72
Calculate -36 + (-4 + 1 - -2) + (-80 - -54) + 32.
-31
283 + -301 - (44 + -6 + 0 + 0)
-56
What is the value of -6 - (21 + -76 + 45 + (1 - 10))?
13
What is the value of (5 + -7 - 7) + (3 + -9 + 14 - 3)?
-4
What is the value of (76 - 146 - (-29 + -2)) + 2 + 12?
-25
What is -171 + 168 - (38 + 11)?
-52
What is -1897 - -1861 - (0 + -7)?
-29
What is 20 - (33 - -95 - 43)?
-65
49 + -6 + (-12 - 0) + (10 - 7) + 6
40
What is (-4 - 0 - (-1176 + 1162)) + -73?
-63
Evaluate -3 + 22 + -9 + -8 + 3 - 10 - 20.
-25
What is 6 + 4 - (-17 - (-9 + -9 + 2))?
11
What is the value of (10 - (2 - (2 - 2) - -19)) + 7 + -3?
-7
What is 48 + 128 + -54 + -58?
64
Calculate -142 + (55 - (46 - 63)).
-70
Evaluate 2 - -14 - (97 - 96) - -4 - -6.
25
What is -123 - ((-35 + -1 - -69) + -34)?
-122
Calculate -4 - (-1 - 3) - -16 - (1230 + -1129).
-85
(-126 - (-4 + 5)) + (-1 - -2) - (106 + -107)
-125
What is (-133 - (-73 - (-78 - -64))) + (0 + -9 - 1)?
-84
-125 + -115 + 162 + -24
-102
Evaluate 17 - ((117 - 45) + -95).
40
Calculate -4302 + 4299 + (1 - 18).
-20
What is the value of -3083 - -3050 - (2 + 1 + 74)?
-110
What is 20 + -14 + -22 + -22?
-38
Evaluate -5 + (32 + 54 - 53).
28
What is 61 + (-13 - (27 - 28)) + (16 - -3)?
68
What is 19 + 14 + (6 - (51 + -10))?
-2
Evaluate (46 - 43 - 21) + (-2 - -5).
-15
Calculate -11 + -16 + 15 - (4 - (35 + 3)).
22
(118 + -165 - (-4 + (2 - -4 - 3))) + -9
-55
Calculate 52 - 14 - (-4 + 18).
24
What is the value of (184 + -112 - 89) + (1 - -71)?
55
Calculate 10 + (0 + -13 - -12) + (-20 - -4).
-7
-10 - (-3 - (16 + 26 - 18))
17
Calculate -15 + (43 - 16) - (-8 - -52).
-32
(-13 - (6 + -17 + -16)) + -86 + (-2 - -9)
-65
Calculate 23 + (89 - 58) + -10.
44
-17 - (-12 + 31 + -20) - -15
-1
-64 + -1 + -21 + (227 - 201)
-60
What is (-5 - -2 - -2 - 56) + 0 + 592 + -600?
-65
What is the value of (142 - 54) + -38 + -21?
29
Calculate -53 - ((6 - -121) + -38).
-142
What is the value of 0 + -62 - (-29 - (5 + -20))?
-48
16 + -11 + -2 - (95 + 0 - (68 - 78))
-102
0 - (4 + 6) - (88 - (18 + -18))
-98
What is the value of 0 - (28 + 18 + -28 + (-5 - 3))?
-10
What is 17 - (-35 + 30 - -25) - (3 + -5 - 83)?
82
Evaluate 19 + (-14 - -21) + -16 - (-2 - (-3 + 20)).
29
(111 - 13 - 59) + -101
-62
Calculate -1 + -10 - (23 - -4 - (78 - 48)).
-8
Calculate 59 - (-9 + 3 - (76 + -96)).
45
What is the value of (131 - -14) + -55 + -55?
35
Evaluate -5 - (-6 - (-2 + 4 + 0)) - (-256 - -256).
3
Evaluate 52 - 69 - (-5 - -2 - (-2 - -7)).
-9
Evaluate (5 + 20 + -2 - 16) + -36.
-29
2 + 55 - -6 - (-30 - -51)
42
What is the value of -41 - (-4 - -7) - (43 + -45 + -4)?
-38
Evaluate 19 + -5 + -7 + 5 - 38.
-26
Calculate -71 + -54 + 31 + 60.
-34
8 - (15 - -3) - (-8 + -2 + (26 - -1))
-27
Evaluate (8 - (-13 - -13) - 11) + -9 - (-7 + -79).
74
Calculate 61 + -72 - (-35 + 0 - -4).
20
Evaluate 31 - (-99 + (22 - -114)).
-6
-102 - (-98 + 31 + -28)
-7
-171 + 229 + (16 - 18) + -4
52
Calculate -4 - (-3 - (35 - (35 - 13))).
12
What is the value of 28 - 17 - -33 - 32?
12
What is -235 + 292 + -73 + 2?
-14
27 + (-4 - -42) + -69 + (-3 - -72)
65
Calculate -55 + (-54 - -109) + 